{"id":286,"date":"2016-10-31T13:17:59","date_gmt":"2016-10-31T16:17:59","guid":{"rendered":"https:\/\/esbagomezclara-cba.infd.edu.ar\/sitio\/?page_id=286"},"modified":"2026-04-27T10:22:13","modified_gmt":"2026-04-27T13:22:13","slug":"inicio","status":"publish","type":"page","link":"https:\/\/esbagomezclara-cba.infd.edu.ar\/sitio\/","title":{"rendered":"Inicio"},"content":{"rendered":"<p>&nbsp;<\/p>\n<p style=\"text-align: center;\"><iframe loading=\"lazy\" title=\"YouTube video player\" src=\"https:\/\/www.youtube.com\/embed\/Gq8j-T6ALo0?si=aK3hPxaaJlgLSAFF\" width=\"1050\" height=\"560\" frameborder=\"0\" allowfullscreen=\"allowfullscreen\"><\/iframe><\/p>\n<p data-path-to-node=\"4\">Nacimos del arte y potenciamos las disciplinas creativas hacia el dise\u00f1o, la innovaci\u00f3n y el emprendedurismo. Con m\u00e1s de 90 a\u00f1os de historia, hoy consolidamos un proyecto que une la creatividad con la tecnolog\u00eda y el mundo del trabajo. &#x2705; +50 convenios regionales. &#x2705; Modalidad combinada y vanguardia digital. &#x2705; Formaci\u00f3n profesional con impacto real. Somos una comunidad de conocimiento en constante expansi\u00f3n. \u00a1Conoc\u00e9 nuestro camino!<\/p>\n<p style=\"text-align: center;\">\u00a0<\/p>\n<style>.wp-show-posts-columns#wpsp-383 {margin-left: -2em; }.wp-show-posts-columns#wpsp-383 .wp-show-posts-inner {margin: 0 0 2em 2em; }<\/style><section id=\"wpsp-383\" class=\" wp-show-posts-columns wp-show-posts\" style=\"\"><article class=\" wp-show-posts-single post-2608 post type-post status-publish format-standard has-post-thumbnail hentry category-sin-categoria wpsp-col-4\" itemtype=\"http:\/\/schema.org\/CreativeWork\" itemscope><div class=\"wp-show-posts-inner\" style=\"\">\t\t<div class=\"wp-show-posts-image  wpsp-image-center \">\n\t\t\t<a href=\"https:\/\/esbagomezclara-cba.infd.edu.ar\/sitio\/visita-museo-bonfiglioli-propuesta-de-activacion-jardineros-de-sofia-watson\/\"  title=\"Visita Museo Bonfiglioli&#8230; Propuesta de activaci\u00f3n \u00abJardineros\u00bb de Sof\u00eda Watson\">\t\t\t\t\t<img src=\"https:\/\/esbagomezclara-cba.infd.edu.ar\/sitio\/wp-content\/uploads\/2024\/10\/WhatsApp-Image-2024-09-16-at-12.02.03-500x500.jpeg\" alt=\"Visita Museo Bonfiglioli&#8230; Propuesta de activaci\u00f3n \u00abJardineros\u00bb de Sof\u00eda Watson\" itemprop=\"image\" class=\"center\" \/>\n\t\t\t\t<\/a>\t\t<\/div>\n\t\t\t\t\t\t\t\t<header class=\"wp-show-posts-entry-header\">\n\t\t\t\t\t\t\t<h2 class=\"wp-show-posts-entry-title\" itemprop=\"headline\"><a href=\"https:\/\/esbagomezclara-cba.infd.edu.ar\/sitio\/visita-museo-bonfiglioli-propuesta-de-activacion-jardineros-de-sofia-watson\/\" rel=\"bookmark\">Visita Museo Bonfiglioli&#8230; Propuesta de activaci\u00f3n \u00abJardineros\u00bb de Sof\u00eda Watson<\/a><\/h2>\t\t\t\t\t\t<\/header><!-- .entry-header -->\n\t\t\t\t\t\t\t\t\t\t\t<div class=\"wp-show-posts-entry-summary\" itemprop=\"text\">\n\t\t\t\t\t\t\t<p>\u00a1Hola, comunidad! &#x1f33c; El 30 de agosto, nuestros estudiantes del Taller Infanto-Juvenil del Nivel Medio visitaron el Museo Bonfiglioli para participar en la propuesta de activaci\u00f3n \u00abJardineros\u00bb, de la artista&#8230;<\/p>\n\t\t\t\t\t\t<\/div><!-- .entry-summary -->\n\t\t\t\t\t<\/div><!-- wp-show-posts-inner --><\/article><article class=\" wp-show-posts-single post-2588 post type-post status-publish format-standard has-post-thumbnail hentry category-sin-categoria wpsp-col-4\" itemtype=\"http:\/\/schema.org\/CreativeWork\" itemscope><div class=\"wp-show-posts-inner\" style=\"\">\t\t<div class=\"wp-show-posts-image  wpsp-image-center \">\n\t\t\t<a href=\"https:\/\/esbagomezclara-cba.infd.edu.ar\/sitio\/visita-museo-bonfiglioli-taller-herbario-artista-orso-cecilia\/\"  title=\"Visita Museo Bonfiglioli&#8230; Taller \u00abHerbario\u00bb Artista: Orso Cecilia\">\t\t\t\t\t<img src=\"https:\/\/esbagomezclara-cba.infd.edu.ar\/sitio\/wp-content\/uploads\/2024\/10\/WhatsApp-Image-2024-09-16-at-12.01.35-500x500.jpeg\" alt=\"Visita Museo Bonfiglioli&#8230; Taller \u00abHerbario\u00bb Artista: Orso Cecilia\" itemprop=\"image\" class=\"center\" \/>\n\t\t\t\t<\/a>\t\t<\/div>\n\t\t\t\t\t\t\t\t<header class=\"wp-show-posts-entry-header\">\n\t\t\t\t\t\t\t<h2 class=\"wp-show-posts-entry-title\" itemprop=\"headline\"><a href=\"https:\/\/esbagomezclara-cba.infd.edu.ar\/sitio\/visita-museo-bonfiglioli-taller-herbario-artista-orso-cecilia\/\" rel=\"bookmark\">Visita Museo Bonfiglioli&#8230; Taller \u00abHerbario\u00bb Artista: Orso Cecilia<\/a><\/h2>\t\t\t\t\t\t<\/header><!-- .entry-header -->\n\t\t\t\t\t\t\t\t\t\t\t<div class=\"wp-show-posts-entry-summary\" itemprop=\"text\">\n\t\t\t\t\t\t\t<p>\u00a1Hola, comunidad! &#x1f33c; El 30 de agosto, nuestros estudiantes del Taller Infanto-Juvenil del Nivel Medio visitaron el Museo Bonfiglioli. Tuvieron la oportunidad de participar en una hermosa propuesta titulada \u00abHerbario\u00bb,&#8230;<\/p>\n\t\t\t\t\t\t<\/div><!-- .entry-summary -->\n\t\t\t\t\t<\/div><!-- wp-show-posts-inner --><\/article><article class=\" wp-show-posts-single post-2580 post type-post status-publish format-standard has-post-thumbnail hentry category-sin-categoria wpsp-col-4\" itemtype=\"http:\/\/schema.org\/CreativeWork\" itemscope><div class=\"wp-show-posts-inner\" style=\"\">\t\t<div class=\"wp-show-posts-image  wpsp-image-center \">\n\t\t\t<a href=\"https:\/\/esbagomezclara-cba.infd.edu.ar\/sitio\/expo-tex\/\"  title=\"Expo Tex\">\t\t\t\t\t<img src=\"https:\/\/esbagomezclara-cba.infd.edu.ar\/sitio\/wp-content\/uploads\/2024\/10\/EXPOTEX-1-500x500.jpeg\" alt=\"Expo Tex\" itemprop=\"image\" class=\"center\" \/>\n\t\t\t\t<\/a>\t\t<\/div>\n\t\t\t\t\t\t\t\t<header class=\"wp-show-posts-entry-header\">\n\t\t\t\t\t\t\t<h2 class=\"wp-show-posts-entry-title\" itemprop=\"headline\"><a href=\"https:\/\/esbagomezclara-cba.infd.edu.ar\/sitio\/expo-tex\/\" rel=\"bookmark\">Expo Tex<\/a><\/h2>\t\t\t\t\t\t<\/header><!-- .entry-header -->\n\t\t\t\t\t\t\t\t\t\t\t<div class=\"wp-show-posts-entry-summary\" itemprop=\"text\">\n\t\t\t\t\t\t\t<p>\u00a1Atenci\u00f3n, comunidad! &#x1f389; Del 24 al 26 de agosto, se llev\u00f3 a cabo en el Predio \u00abForja\u00bb de C\u00f3rdoba la 2\u00b0 Edici\u00f3n de la Exposici\u00f3n Textil y la 9\u00b0 Expoimpresi\u00f3n&#8230;.<\/p>\n\t\t\t\t\t\t<\/div><!-- .entry-summary -->\n\t\t\t\t\t<\/div><!-- wp-show-posts-inner --><\/article><div class=\"wpsp-clear\"><\/div><\/section><!-- .wp-show-posts -->\n","protected":false},"excerpt":{"rendered":"<p>&nbsp; Nacimos del arte y potenciamos las disciplinas creativas hacia el dise\u00f1o, la innovaci\u00f3n y el emprendedurismo. Con m\u00e1s de 90 a\u00f1os de historia, hoy consolidamos un proyecto que une la creatividad con la tecnolog\u00eda y el mundo del trabajo. &#x2705; +50 convenios regionales. &#x2705; Modalidad combinada y vanguardia digital. &#x2705; Formaci\u00f3n profesional con impacto &#8230; <a title=\"Expo Tex\" class=\"read-more\" href=\"https:\/\/esbagomezclara-cba.infd.edu.ar\/sitio\/expo-tex\/\" aria-label=\"More on Expo Tex\">[+]<\/a><\/p>\n","protected":false},"author":1,"featured_media":0,"parent":0,"menu_order":0,"comment_status":"closed","ping_status":"closed","template":"","meta":[],"acf":[],"_links":{"self":[{"href":"https:\/\/esbagomezclara-cba.infd.edu.ar\/sitio\/wp-json\/wp\/v2\/pages\/286"}],"collection":[{"href":"https:\/\/esbagomezclara-cba.infd.edu.ar\/sitio\/wp-json\/wp\/v2\/pages"}],"about":[{"href":"https:\/\/esbagomezclara-cba.infd.edu.ar\/sitio\/wp-json\/wp\/v2\/types\/page"}],"author":[{"embeddable":true,"href":"https:\/\/esbagomezclara-cba.infd.edu.ar\/sitio\/wp-json\/wp\/v2\/users\/1"}],"replies":[{"embeddable":true,"href":"https:\/\/esbagomezclara-cba.infd.edu.ar\/sitio\/wp-json\/wp\/v2\/comments?post=286"}],"version-history":[{"count":235,"href":"https:\/\/esbagomezclara-cba.infd.edu.ar\/sitio\/wp-json\/wp\/v2\/pages\/286\/revisions"}],"predecessor-version":[{"id":3032,"href":"https:\/\/esbagomezclara-cba.infd.edu.ar\/sitio\/wp-json\/wp\/v2\/pages\/286\/revisions\/3032"}],"wp:attachment":[{"href":"https:\/\/esbagomezclara-cba.infd.edu.ar\/sitio\/wp-json\/wp\/v2\/media?parent=286"}],"curies":[{"name":"wp","href":"https:\/\/api.w.org\/{rel}","templated":true}]}}

<p>&nbsp;</p>
<p style="text-align: center;"><iframe loading="lazy" title="YouTube video player" src="https://www.youtube.com/embed/Gq8j-T6ALo0?si=aK3hPxaaJlgLSAFF" width="1050" height="560" frameborder="0" allowfullscreen="allowfullscreen"></iframe></p>
<p data-path-to-node="4">Nacimos del arte y potenciamos las disciplinas creativas hacia el diseño, la innovación y el emprendedurismo. Con más de 90 años de historia, hoy consolidamos un proyecto que une la creatividad con la tecnología y el mundo del trabajo. &#x2705; +50 convenios regionales. &#x2705; Modalidad combinada y vanguardia digital. &#x2705; Formación profesional con impacto real. Somos una comunidad de conocimiento en constante expansión. ¡Conocé nuestro camino!</p>
<p style="text-align: center;"> </p>
<style>.wp-show-posts-columns#wpsp-383 {margin-left: -2em; }.wp-show-posts-columns#wpsp-383 .wp-show-posts-inner {margin: 0 0 2em 2em; }</style><section id="wpsp-383" class=" wp-show-posts-columns wp-show-posts" style=""><article class=" wp-show-posts-single post-2608 post type-post status-publish format-standard has-post-thumbnail hentry category-sin-categoria wpsp-col-4" itemtype="http://schema.org/CreativeWork" itemscope><div class="wp-show-posts-inner" style="">		<div class="wp-show-posts-image  wpsp-image-center ">
			<a href="https://esbagomezclara-cba.infd.edu.ar/sitio/visita-museo-bonfiglioli-propuesta-de-activacion-jardineros-de-sofia-watson/"  title="Visita Museo Bonfiglioli&#8230; Propuesta de activación «Jardineros» de Sofía Watson">					<img src="https://esbagomezclara-cba.infd.edu.ar/sitio/wp-content/uploads/2024/10/WhatsApp-Image-2024-09-16-at-12.02.03-500x500.jpeg" alt="Visita Museo Bonfiglioli&#8230; Propuesta de activación «Jardineros» de Sofía Watson" itemprop="image" class="center" />
				</a>		</div>
								<header class="wp-show-posts-entry-header">
							<h2 class="wp-show-posts-entry-title" itemprop="headline"><a href="https://esbagomezclara-cba.infd.edu.ar/sitio/visita-museo-bonfiglioli-propuesta-de-activacion-jardineros-de-sofia-watson/" rel="bookmark">Visita Museo Bonfiglioli&#8230; Propuesta de activación «Jardineros» de Sofía Watson</a></h2>						</header><!-- .entry-header -->
											<div class="wp-show-posts-entry-summary" itemprop="text">
							<p>¡Hola, comunidad! &#x1f33c; El 30 de agosto, nuestros estudiantes del Taller Infanto-Juvenil del Nivel Medio visitaron el Museo Bonfiglioli para participar en la propuesta de activación «Jardineros», de la artista&#8230;</p>
						</div><!-- .entry-summary -->
					</div><!-- wp-show-posts-inner --></article><article class=" wp-show-posts-single post-2588 post type-post status-publish format-standard has-post-thumbnail hentry category-sin-categoria wpsp-col-4" itemtype="http://schema.org/CreativeWork" itemscope><div class="wp-show-posts-inner" style="">		<div class="wp-show-posts-image  wpsp-image-center ">
			<a href="https://esbagomezclara-cba.infd.edu.ar/sitio/visita-museo-bonfiglioli-taller-herbario-artista-orso-cecilia/"  title="Visita Museo Bonfiglioli&#8230; Taller «Herbario» Artista: Orso Cecilia">					<img src="https://esbagomezclara-cba.infd.edu.ar/sitio/wp-content/uploads/2024/10/WhatsApp-Image-2024-09-16-at-12.01.35-500x500.jpeg" alt="Visita Museo Bonfiglioli&#8230; Taller «Herbario» Artista: Orso Cecilia" itemprop="image" class="center" />
				</a>		</div>
								<header class="wp-show-posts-entry-header">
							<h2 class="wp-show-posts-entry-title" itemprop="headline"><a href="https://esbagomezclara-cba.infd.edu.ar/sitio/visita-museo-bonfiglioli-taller-herbario-artista-orso-cecilia/" rel="bookmark">Visita Museo Bonfiglioli&#8230; Taller «Herbario» Artista: Orso Cecilia</a></h2>						</header><!-- .entry-header -->
											<div class="wp-show-posts-entry-summary" itemprop="text">
							<p>¡Hola, comunidad! &#x1f33c; El 30 de agosto, nuestros estudiantes del Taller Infanto-Juvenil del Nivel Medio visitaron el Museo Bonfiglioli. Tuvieron la oportunidad de participar en una hermosa propuesta titulada «Herbario»,&#8230;</p>
						</div><!-- .entry-summary -->
					</div><!-- wp-show-posts-inner --></article><article class=" wp-show-posts-single post-2580 post type-post status-publish format-standard has-post-thumbnail hentry category-sin-categoria wpsp-col-4" itemtype="http://schema.org/CreativeWork" itemscope><div class="wp-show-posts-inner" style="">		<div class="wp-show-posts-image  wpsp-image-center ">
			<a href="https://esbagomezclara-cba.infd.edu.ar/sitio/expo-tex/"  title="Expo Tex">					<img src="https://esbagomezclara-cba.infd.edu.ar/sitio/wp-content/uploads/2024/10/EXPOTEX-1-500x500.jpeg" alt="Expo Tex" itemprop="image" class="center" />
				</a>		</div>
								<header class="wp-show-posts-entry-header">
							<h2 class="wp-show-posts-entry-title" itemprop="headline"><a href="https://esbagomezclara-cba.infd.edu.ar/sitio/expo-tex/" rel="bookmark">Expo Tex</a></h2>						</header><!-- .entry-header -->
											<div class="wp-show-posts-entry-summary" itemprop="text">
							<p>¡Atención, comunidad! &#x1f389; Del 24 al 26 de agosto, se llevó a cabo en el Predio «Forja» de Córdoba la 2° Edición de la Exposición Textil y la 9° Expoimpresión&#8230;.</p>
						</div><!-- .entry-summary -->
					</div><!-- wp-show-posts-inner --></article><div class="wpsp-clear"></div></section><!-- .wp-show-posts -->

<p>&nbsp; Nacimos del arte y potenciamos las disciplinas creativas hacia el diseño, la innovación y el emprendedurismo. Con más de 90 años de historia, hoy consolidamos un proyecto que une la creatividad con la tecnología y el mundo del trabajo. &#x2705; +50 convenios regionales. &#x2705; Modalidad combinada y vanguardia digital. &#x2705; Formación profesional con impacto &#8230; <a title="Expo Tex" class="read-more" href="https://esbagomezclara-cba.infd.edu.ar/sitio/expo-tex/" aria-label="More on Expo Tex">[+]</a></p>
