{"id":773,"date":"2018-06-28T17:01:05","date_gmt":"2018-06-28T20:01:05","guid":{"rendered":"https:\/\/esbagomezclara-cba.infd.edu.ar\/sitio\/profesorado-de-artes-visuales\/"},"modified":"2018-12-19T23:16:33","modified_gmt":"2018-12-20T02:16:33","slug":"profesorado-de-artes-visuales","status":"publish","type":"page","link":"https:\/\/esbagomezclara-cba.infd.edu.ar\/sitio\/profesorado-de-artes-visuales\/","title":{"rendered":"Profesorado de Artes Visuales"},"content":{"rendered":"<p><b>Duraci\u00f3n<\/b>: 4 a\u00f1os.<\/p>\n<p><b>Campo profesional<\/b>: Ejercer la docencia en los niveles de educaci\u00f3n inicial, secundaria (CBU y Ciclo de Especializaci\u00f3n) y Nivel Superior. Adem\u00e1s posibilita el desempe\u00f1o docente en talleres infanto-juveniles y de adultos particulares, talleres barriales, entre otras opciones p\u00fablicas o privadas de educaci\u00f3n no formal.<\/p>\n<p><strong>Condiciones de ingreso:<\/strong> Secundario completo.<\/p>\n<p><strong>Instancia de Ingreso obligatoria<\/strong> (no eliminatoria).<\/p>\n<p><em><strong>T\u00edtulos oficiales con validez provincial y nacional.<\/strong><\/em><\/p>\n<p style=\"text-align: center;\"><iframe loading=\"lazy\" src=\"https:\/\/www.youtube.com\/embed\/LHgaoIy2XYA\" width=\"560\" height=\"315\" frameborder=\"0\" allowfullscreen=\"allowfullscreen\"><\/iframe><\/p>\n<p><strong>Plan de estudios:<\/strong><\/p>\n<p><img decoding=\"async\" loading=\"lazy\" class=\"alignnone size-full wp-image-866 aligncenter\" src=\"https:\/\/esbagomezclara-cba.infd.edu.ar\/sitio\/wp-content\/uploads\/2018\/12\/plan-profesorado@2x-8.png\" alt=\"\" width=\"619\" height=\"458\" \/><\/p>\n<p style=\"text-align: center;\">\n","protected":false},"excerpt":{"rendered":"<p>Duraci\u00f3n: 4 a\u00f1os. Campo profesional: Ejercer la docencia en los niveles de educaci\u00f3n inicial, secundaria (CBU y Ciclo de Especializaci\u00f3n) y Nivel Superior. Adem\u00e1s posibilita el desempe\u00f1o docente en talleres infanto-juveniles y de adultos particulares, talleres barriales, entre otras opciones p\u00fablicas o privadas de educaci\u00f3n no formal. Condiciones de ingreso: Secundario completo. Instancia de Ingreso &#8230; <a title=\"Profesorado de Artes Visuales\" class=\"read-more\" href=\"https:\/\/esbagomezclara-cba.infd.edu.ar\/sitio\/profesorado-de-artes-visuales\/\" aria-label=\"More on Profesorado de Artes Visuales\">[+]<\/a><\/p>\n","protected":false},"author":210,"featured_media":0,"parent":0,"menu_order":0,"comment_status":"closed","ping_status":"closed","template":"","meta":[],"acf":[],"_links":{"self":[{"href":"https:\/\/esbagomezclara-cba.infd.edu.ar\/sitio\/wp-json\/wp\/v2\/pages\/773"}],"collection":[{"href":"https:\/\/esbagomezclara-cba.infd.edu.ar\/sitio\/wp-json\/wp\/v2\/pages"}],"about":[{"href":"https:\/\/esbagomezclara-cba.infd.edu.ar\/sitio\/wp-json\/wp\/v2\/types\/page"}],"author":[{"embeddable":true,"href":"https:\/\/esbagomezclara-cba.infd.edu.ar\/sitio\/wp-json\/wp\/v2\/users\/210"}],"replies":[{"embeddable":true,"href":"https:\/\/esbagomezclara-cba.infd.edu.ar\/sitio\/wp-json\/wp\/v2\/comments?post=773"}],"version-history":[{"count":3,"href":"https:\/\/esbagomezclara-cba.infd.edu.ar\/sitio\/wp-json\/wp\/v2\/pages\/773\/revisions"}],"predecessor-version":[{"id":877,"href":"https:\/\/esbagomezclara-cba.infd.edu.ar\/sitio\/wp-json\/wp\/v2\/pages\/773\/revisions\/877"}],"wp:attachment":[{"href":"https:\/\/esbagomezclara-cba.infd.edu.ar\/sitio\/wp-json\/wp\/v2\/media?parent=773"}],"curies":[{"name":"wp","href":"https:\/\/api.w.org\/{rel}","templated":true}]}}

<p><b>Duración</b>: 4 años.</p>
<p><b>Campo profesional</b>: Ejercer la docencia en los niveles de educación inicial, secundaria (CBU y Ciclo de Especialización) y Nivel Superior. Además posibilita el desempeño docente en talleres infanto-juveniles y de adultos particulares, talleres barriales, entre otras opciones públicas o privadas de educación no formal.</p>
<p><strong>Condiciones de ingreso:</strong> Secundario completo.</p>
<p><strong>Instancia de Ingreso obligatoria</strong> (no eliminatoria).</p>
<p><em><strong>Títulos oficiales con validez provincial y nacional.</strong></em></p>
<p style="text-align: center;"><iframe loading="lazy" src="https://www.youtube.com/embed/LHgaoIy2XYA" width="560" height="315" frameborder="0" allowfullscreen="allowfullscreen"></iframe></p>
<p><strong>Plan de estudios:</strong></p>
<p><img decoding="async" loading="lazy" class="alignnone size-full wp-image-866 aligncenter" src="https://esbagomezclara-cba.infd.edu.ar/sitio/wp-content/uploads/2018/12/plan-profesorado@2x-8.png" alt="" width="619" height="458" /></p>
<p style="text-align: center;">

<p>Duración: 4 años. Campo profesional: Ejercer la docencia en los niveles de educación inicial, secundaria (CBU y Ciclo de Especialización) y Nivel Superior. Además posibilita el desempeño docente en talleres infanto-juveniles y de adultos particulares, talleres barriales, entre otras opciones públicas o privadas de educación no formal. Condiciones de ingreso: Secundario completo. Instancia de Ingreso &#8230; <a title="Profesorado de Artes Visuales" class="read-more" href="https://esbagomezclara-cba.infd.edu.ar/sitio/profesorado-de-artes-visuales/" aria-label="More on Profesorado de Artes Visuales">[+]</a></p>
