{"id":775,"date":"2018-06-28T17:01:05","date_gmt":"2018-06-28T20:01:05","guid":{"rendered":"https:\/\/esbagomezclara-cba.infd.edu.ar\/sitio\/tec-sup-en-diseno-grafico\/"},"modified":"2019-07-25T10:55:54","modified_gmt":"2019-07-25T13:55:54","slug":"tec-sup-en-diseno-grafico","status":"publish","type":"page","link":"https:\/\/esbagomezclara-cba.infd.edu.ar\/sitio\/tec-sup-en-diseno-grafico\/","title":{"rendered":"Tecnicatura Superior en Dise\u00f1o Gr\u00e1fico"},"content":{"rendered":"<p><b>Duraci\u00f3n<\/b>: 3 a\u00f1os.<\/p>\n<p><b>Campo profesional<\/b>: El T\u00e9cnico Superior est\u00e1 capacitado para aplicar y desarrollar conocimientos, habilidades, destrezas, valores y actitudes en situaciones reales de trabajo, conforme a criterios de profesionalidad propios de su \u00e1rea.<\/p>\n<p><em>En \u00e9ste sentido, el T\u00e9cnico Superior en DISE\u00d1O GR\u00c1FICO est\u00e1 capacitado para:<\/em><\/p>\n<ul>\n<li>Intervenir en el dise\u00f1o y ejecuci\u00f3n de piezas de comunicaci\u00f3n gr\u00e1fica.<\/li>\n<li>Dise\u00f1ar sistemas de imagen corporativa.<\/li>\n<li>Dise\u00f1ar sistemas se\u00f1al\u00e9ticos y de envase.<\/li>\n<li>Participar y colaborar en equipos interdisciplinarios.<\/li>\n<li>Integrar equipos interdisciplinarios de trabajo en el desarrollo de proyectos multimedia.<\/li>\n<li>Dise\u00f1ar y producir piezas gr\u00e1ficas, impresas y digitales que respondan a necesidades del tipo comunicacionales, identificatorias informativas, persuasivas, y culturales.<\/li>\n<\/ul>\n<p><strong>Condiciones de ingreso:<\/strong> Ciclo de Especializaci\u00f3n o secundario completo.<span class=\"Apple-converted-space\">\u00a0<\/span><\/p>\n<p><strong>Instancia de Ingreso obligatoria<\/strong> (no eliminatoria).<\/p>\n<p><em><strong>T\u00edtulos oficiales con validez provincial y nacional.<\/strong><\/em><\/p>\n<p><strong>Plan de estudios:<\/strong><\/p>\n<p><img decoding=\"async\" loading=\"lazy\" class=\"alignnone wp-image-960 size-full\" src=\"https:\/\/esbagomezclara-cba.infd.edu.ar\/sitio\/wp-content\/uploads\/2019\/07\/img-plan-grafico.png\" alt=\"\" width=\"860\" height=\"334\" srcset=\"https:\/\/esbagomezclara-cba.infd.edu.ar\/sitio\/wp-content\/uploads\/2019\/07\/img-plan-grafico.png 860w, https:\/\/esbagomezclara-cba.infd.edu.ar\/sitio\/wp-content\/uploads\/2019\/07\/img-plan-grafico-768x298.png 768w\" sizes=\"(max-width: 860px) 100vw, 860px\" \/><\/p>\n","protected":false},"excerpt":{"rendered":"<p>Duraci\u00f3n: 3 a\u00f1os. Campo profesional: El T\u00e9cnico Superior est\u00e1 capacitado para aplicar y desarrollar conocimientos, habilidades, destrezas, valores y actitudes en situaciones reales de trabajo, conforme a criterios de profesionalidad propios de su \u00e1rea. En \u00e9ste sentido, el T\u00e9cnico Superior en DISE\u00d1O GR\u00c1FICO est\u00e1 capacitado para: Intervenir en el dise\u00f1o y ejecuci\u00f3n de piezas de &#8230; <a title=\"Tecnicatura Superior en Dise\u00f1o Gr\u00e1fico\" class=\"read-more\" href=\"https:\/\/esbagomezclara-cba.infd.edu.ar\/sitio\/tec-sup-en-diseno-grafico\/\" aria-label=\"More on Tecnicatura Superior en Dise\u00f1o Gr\u00e1fico\">[+]<\/a><\/p>\n","protected":false},"author":210,"featured_media":0,"parent":0,"menu_order":0,"comment_status":"closed","ping_status":"closed","template":"","meta":[],"acf":[],"_links":{"self":[{"href":"https:\/\/esbagomezclara-cba.infd.edu.ar\/sitio\/wp-json\/wp\/v2\/pages\/775"}],"collection":[{"href":"https:\/\/esbagomezclara-cba.infd.edu.ar\/sitio\/wp-json\/wp\/v2\/pages"}],"about":[{"href":"https:\/\/esbagomezclara-cba.infd.edu.ar\/sitio\/wp-json\/wp\/v2\/types\/page"}],"author":[{"embeddable":true,"href":"https:\/\/esbagomezclara-cba.infd.edu.ar\/sitio\/wp-json\/wp\/v2\/users\/210"}],"replies":[{"embeddable":true,"href":"https:\/\/esbagomezclara-cba.infd.edu.ar\/sitio\/wp-json\/wp\/v2\/comments?post=775"}],"version-history":[{"count":6,"href":"https:\/\/esbagomezclara-cba.infd.edu.ar\/sitio\/wp-json\/wp\/v2\/pages\/775\/revisions"}],"predecessor-version":[{"id":961,"href":"https:\/\/esbagomezclara-cba.infd.edu.ar\/sitio\/wp-json\/wp\/v2\/pages\/775\/revisions\/961"}],"wp:attachment":[{"href":"https:\/\/esbagomezclara-cba.infd.edu.ar\/sitio\/wp-json\/wp\/v2\/media?parent=775"}],"curies":[{"name":"wp","href":"https:\/\/api.w.org\/{rel}","templated":true}]}}