{"id":880,"date":"2018-12-19T23:20:28","date_gmt":"2018-12-20T02:20:28","guid":{"rendered":"https:\/\/esbagomezclara-cba.infd.edu.ar\/sitio\/?page_id=880"},"modified":"2018-12-19T23:20:28","modified_gmt":"2018-12-20T02:20:28","slug":"tecnicatura-superior-en-diseno-de-espacios","status":"publish","type":"page","link":"https:\/\/esbagomezclara-cba.infd.edu.ar\/sitio\/tecnicatura-superior-en-diseno-de-espacios\/","title":{"rendered":"Tecnicatura Superior en Dise\u00f1o de Espacios"},"content":{"rendered":"<p><b>Duraci\u00f3n<\/b>: 3 a\u00f1os.<\/p>\n<p><b>Campo profesional<\/b>: El T\u00e9cnico Superior en Dise\u00f1os de Espacios es un profesional preparado para poseer conocimientos, destrezas y habilidades en:<\/p>\n<ul>\n<li>Desarrollo, direcci\u00f3n, comunicaci\u00f3n y gesti\u00f3n de soluciones de dise\u00f1o en espacios interiores y su entorno inmediato, a partir de la definici\u00f3n de las necesidades del cliente considerando el entorno sociocultural.<\/li>\n<li>Es un t\u00e9cnico que desarrollar\u00e1 su labor con creatividad, sensibilidad art\u00edstica, actitud emprendedora e innovadora, aportando al dise\u00f1o y a la ambientaci\u00f3n.<\/li>\n<li>Capacidad de manejar criterios y herramientas, adecuando tecnolog\u00edas y presupuestos, con el conocimiento t\u00e9cnico de los materiales y sus posibilidades. Podr\u00e1 desarrollar proyectos de espacios y mobiliario acorde al dise\u00f1o.<\/li>\n<li>Ser\u00e1 capaz de evaluar\u00a0la factibilidad de los espacios considerando estrategias de sustentabilidad. Desempe\u00f1\u00e1ndose como profesional \u00e9tico e independiente.<\/li>\n<\/ul>\n<p><em>El T\u00e9cnico Superior en Dise\u00f1os de Espacios est\u00e1 capacitado para: <\/em><\/p>\n<p>Proyectar espacios de variada complejidad funcional, tecnol\u00f3gica y econ\u00f3mica, aplicado a residencias, \u00e1mbitos comerciales y de servicios. Realizar dise\u00f1os de promoci\u00f3n visual, stands, exposiciones, presentaciones de productos, exhibidores. Dise\u00f1ar escenarios para eventos y espect\u00e1culos interdisciplinariamente con otros especialistas. Dise\u00f1ar mobiliario acorde al ambiente. Adecuar espacios a los requerimientos que rijan marcas o determinada imagen corporativa o institucional de negocios o empresas. Interpretar y confeccionar la documentaci\u00f3n, planos, planillas t\u00e9cnicas y procedimientos de dise\u00f1o en la construcci\u00f3n de los proyectos de espacios. Dirigir y ejecutar obras de dise\u00f1os de espacios interiores.<\/p>\n<p><strong>Condiciones de ingreso:<\/strong> Secundario o Ciclo de Especializaci\u00f3n completo.<span class=\"Apple-converted-space\">\u00a0<\/span><\/p>\n<p><strong>Instancia de Ingreso obligatoria<\/strong> (no eliminatoria).<\/p>\n<p><em><strong>T\u00edtulos oficiales con validez provincial y nacional.<\/strong><\/em><\/p>\n<p style=\"text-align: center;\"><iframe loading=\"lazy\" src=\"https:\/\/www.youtube.com\/embed\/Q54la4Gw6N0\" width=\"560\" height=\"315\" frameborder=\"0\" allowfullscreen=\"allowfullscreen\"><\/iframe><\/p>\n<p><strong>Plan de estudios:<\/strong><\/p>\n<p><img decoding=\"async\" loading=\"lazy\" class=\"alignnone size-full wp-image-881 aligncenter\" src=\"https:\/\/esbagomezclara-cba.infd.edu.ar\/sitio\/wp-content\/uploads\/2018\/12\/plan-espacios@2x-8.png\" alt=\"\" width=\"740\" height=\"297\" \/><\/p>\n","protected":false},"excerpt":{"rendered":"<p>Duraci\u00f3n: 3 a\u00f1os. Campo profesional: El T\u00e9cnico Superior en Dise\u00f1os de Espacios es un profesional preparado para poseer conocimientos, destrezas y habilidades en: Desarrollo, direcci\u00f3n, comunicaci\u00f3n y gesti\u00f3n de soluciones de dise\u00f1o en espacios interiores y su entorno inmediato, a partir de la definici\u00f3n de las necesidades del cliente considerando el entorno sociocultural. Es un &#8230; <a title=\"Tecnicatura Superior en Dise\u00f1o de Espacios\" class=\"read-more\" href=\"https:\/\/esbagomezclara-cba.infd.edu.ar\/sitio\/tecnicatura-superior-en-diseno-de-espacios\/\" aria-label=\"More on Tecnicatura Superior en Dise\u00f1o de Espacios\">[+]<\/a><\/p>\n","protected":false},"author":208,"featured_media":0,"parent":0,"menu_order":0,"comment_status":"closed","ping_status":"closed","template":"","meta":[],"acf":[],"_links":{"self":[{"href":"https:\/\/esbagomezclara-cba.infd.edu.ar\/sitio\/wp-json\/wp\/v2\/pages\/880"}],"collection":[{"href":"https:\/\/esbagomezclara-cba.infd.edu.ar\/sitio\/wp-json\/wp\/v2\/pages"}],"about":[{"href":"https:\/\/esbagomezclara-cba.infd.edu.ar\/sitio\/wp-json\/wp\/v2\/types\/page"}],"author":[{"embeddable":true,"href":"https:\/\/esbagomezclara-cba.infd.edu.ar\/sitio\/wp-json\/wp\/v2\/users\/208"}],"replies":[{"embeddable":true,"href":"https:\/\/esbagomezclara-cba.infd.edu.ar\/sitio\/wp-json\/wp\/v2\/comments?post=880"}],"version-history":[{"count":1,"href":"https:\/\/esbagomezclara-cba.infd.edu.ar\/sitio\/wp-json\/wp\/v2\/pages\/880\/revisions"}],"predecessor-version":[{"id":882,"href":"https:\/\/esbagomezclara-cba.infd.edu.ar\/sitio\/wp-json\/wp\/v2\/pages\/880\/revisions\/882"}],"wp:attachment":[{"href":"https:\/\/esbagomezclara-cba.infd.edu.ar\/sitio\/wp-json\/wp\/v2\/media?parent=880"}],"curies":[{"name":"wp","href":"https:\/\/api.w.org\/{rel}","templated":true}]}}

Tecnicatura Superior en Diseño de Espacios

<p><b>Duración</b>: 3 años.</p>
<p><b>Campo profesional</b>: El Técnico Superior en Diseños de Espacios es un profesional preparado para poseer conocimientos, destrezas y habilidades en:</p>
<ul>
<li>Desarrollo, dirección, comunicación y gestión de soluciones de diseño en espacios interiores y su entorno inmediato, a partir de la definición de las necesidades del cliente considerando el entorno sociocultural.</li>
<li>Es un técnico que desarrollará su labor con creatividad, sensibilidad artística, actitud emprendedora e innovadora, aportando al diseño y a la ambientación.</li>
<li>Capacidad de manejar criterios y herramientas, adecuando tecnologías y presupuestos, con el conocimiento técnico de los materiales y sus posibilidades. Podrá desarrollar proyectos de espacios y mobiliario acorde al diseño.</li>
<li>Será capaz de evaluar la factibilidad de los espacios considerando estrategias de sustentabilidad. Desempeñándose como profesional ético e independiente.</li>
</ul>
<p><em>El Técnico Superior en Diseños de Espacios está capacitado para: </em></p>
<p>Proyectar espacios de variada complejidad funcional, tecnológica y económica, aplicado a residencias, ámbitos comerciales y de servicios. Realizar diseños de promoción visual, stands, exposiciones, presentaciones de productos, exhibidores. Diseñar escenarios para eventos y espectáculos interdisciplinariamente con otros especialistas. Diseñar mobiliario acorde al ambiente. Adecuar espacios a los requerimientos que rijan marcas o determinada imagen corporativa o institucional de negocios o empresas. Interpretar y confeccionar la documentación, planos, planillas técnicas y procedimientos de diseño en la construcción de los proyectos de espacios. Dirigir y ejecutar obras de diseños de espacios interiores.</p>
<p><strong>Condiciones de ingreso:</strong> Secundario o Ciclo de Especialización completo.<span class="Apple-converted-space"> </span></p>
<p><strong>Instancia de Ingreso obligatoria</strong> (no eliminatoria).</p>
<p><em><strong>Títulos oficiales con validez provincial y nacional.</strong></em></p>
<p style="text-align: center;"><iframe loading="lazy" src="https://www.youtube.com/embed/Q54la4Gw6N0" width="560" height="315" frameborder="0" allowfullscreen="allowfullscreen"></iframe></p>
<p><strong>Plan de estudios:</strong></p>
<p><img decoding="async" loading="lazy" class="alignnone size-full wp-image-881 aligncenter" src="https://esbagomezclara-cba.infd.edu.ar/sitio/wp-content/uploads/2018/12/plan-espacios@2x-8.png" alt="" width="740" height="297" /></p>

<p>Duración: 3 años. Campo profesional: El Técnico Superior en Diseños de Espacios es un profesional preparado para poseer conocimientos, destrezas y habilidades en: Desarrollo, dirección, comunicación y gestión de soluciones de diseño en espacios interiores y su entorno inmediato, a partir de la definición de las necesidades del cliente considerando el entorno sociocultural. Es un &#8230; <a title="Tecnicatura Superior en Diseño de Espacios" class="read-more" href="https://esbagomezclara-cba.infd.edu.ar/sitio/tecnicatura-superior-en-diseno-de-espacios/" aria-label="More on Tecnicatura Superior en Diseño de Espacios">[+]</a></p>
