{"id":886,"date":"2018-12-19T23:29:53","date_gmt":"2018-12-20T02:29:53","guid":{"rendered":"https:\/\/esbagomezclara-cba.infd.edu.ar\/sitio\/?page_id=886"},"modified":"2026-04-02T21:25:44","modified_gmt":"2026-04-03T00:25:44","slug":"ninos-y-jovenes","status":"publish","type":"page","link":"https:\/\/esbagomezclara-cba.infd.edu.ar\/sitio\/ninos-y-jovenes\/","title":{"rendered":"Talleres de Arte"},"content":{"rendered":"\n<figure class=\"wp-block-image size-large\"><img decoding=\"async\" loading=\"lazy\" width=\"1900\" height=\"676\" src=\"https:\/\/esbagomezclara-cba.infd.edu.ar\/sitio\/wp-content\/uploads\/2025\/02\/Recurso-2@3x-1900x676.png\" alt=\"\" class=\"wp-image-2927\" srcset=\"https:\/\/esbagomezclara-cba.infd.edu.ar\/sitio\/wp-content\/uploads\/2025\/02\/Recurso-2@3x-1900x676.png 1900w, https:\/\/esbagomezclara-cba.infd.edu.ar\/sitio\/wp-content\/uploads\/2025\/02\/Recurso-2@3x-1000x356.png 1000w, https:\/\/esbagomezclara-cba.infd.edu.ar\/sitio\/wp-content\/uploads\/2025\/02\/Recurso-2@3x-768x273.png 768w, https:\/\/esbagomezclara-cba.infd.edu.ar\/sitio\/wp-content\/uploads\/2025\/02\/Recurso-2@3x-1536x546.png 1536w, https:\/\/esbagomezclara-cba.infd.edu.ar\/sitio\/wp-content\/uploads\/2025\/02\/Recurso-2@3x-2048x728.png 2048w\" sizes=\"(max-width: 1900px) 100vw, 1900px\" \/><\/figure>\n\n\n\n<p><\/p>\n\n\n\n<p><strong>Destinatarios:&nbsp; <\/strong><\/p>\n\n\n\n<ul>\n<li><strong>INFANCIAS:<\/strong> a partir de los 6 hasta los 12 a\u00f1os.<\/li>\n\n\n\n<li><strong>ADOLESCENTES:&nbsp;<\/strong> desde los 13 a 15 a\u00f1os.<span class=\"Apple-converted-space\">&nbsp;<\/span><\/li>\n\n\n\n<li><strong>ADULTOS:<\/strong> desde los 16 a\u00f1os en adelante.<\/li>\n<\/ul>\n\n\n\n<p>&#x1f3a8;&#x2728; \u00a1Explora el mundo de las artes visuales! &#x2728;&#x1f3a8;<\/p>\n\n\n\n<p>A trav\u00e9s de diversos proyectos y t\u00e9cnicas, los ni\u00f1os y j\u00f3venes tienen la oportunidad de adentrarse en el fascinante universo de la creatividad. En nuestros talleres Infanto-Juveniles, ofrecemos espacios donde cada estudiante puede desarrollar su imaginaci\u00f3n a trav\u00e9s de actividades art\u00edsticas, la actitud l\u00fadica y la expresi\u00f3n pl\u00e1stica.<\/p>\n\n\n\n<p>&#x1f3a8; En estos talleres se explorar\u00e1n diferentes materiales y t\u00e9cnicas: dibujo, pintura, escultura, grabado, collage, stop motion y mucho m\u00e1s. Los participantes se sumergir\u00e1n en conceptos clave como color, forma, luz, textura y movimientos art\u00edsticos, mientras dan rienda suelta a su creatividad.<\/p>\n\n\n\n<p>&#x1f528; Creemos en la importancia de los procesos creativos, brindando herramientas para que cada estudiante descubra su propio camino art\u00edstico.<\/p>\n\n\n\n<p>&#x1f31f; En nuestra instituci\u00f3n, nos regimos por valores fundamentales que gu\u00edan nuestras acciones: creatividad, trabajo en equipo, profesionalismo y respeto. Estos pilares nos permiten fomentar una comunidad educativa enriquecedora y de calidad.<\/p>\n\n\n\n<p>\u00a1\u00danete a nosotros y deja que tu creatividad tome forma! &#x1f58c;&#xfe0f;&#x2728;<\/p>\n\n\n\n<p class=\"has-text-align-center\"><strong>Inscripciones e informes:<br>8:00 hs\u00a0 a 12 hs y de 15:00 hs a 20:00hs en Rawson 1651 &#8211; Villa Mar\u00eda &#8211; C\u00f3rdoba.<br>mail:<\/strong> bellasartes.nivelmedio@gmail.com\u00a0<br><strong>Whatsapp:<\/strong> 353-4242386<\/p>\n","protected":false},"excerpt":{"rendered":"<p>Destinatarios:&nbsp; &#x1f3a8;&#x2728; \u00a1Explora el mundo de las artes visuales! &#x2728;&#x1f3a8; A trav\u00e9s de diversos proyectos y t\u00e9cnicas, los ni\u00f1os y j\u00f3venes tienen la oportunidad de adentrarse en el fascinante universo de la creatividad. En nuestros talleres Infanto-Juveniles, ofrecemos espacios donde cada estudiante puede desarrollar su imaginaci\u00f3n a trav\u00e9s de actividades art\u00edsticas, la actitud l\u00fadica y &#8230; <a title=\"Talleres de Arte\" class=\"read-more\" href=\"https:\/\/esbagomezclara-cba.infd.edu.ar\/sitio\/ninos-y-jovenes\/\" aria-label=\"More on Talleres de Arte\">[+]<\/a><\/p>\n","protected":false},"author":208,"featured_media":0,"parent":0,"menu_order":0,"comment_status":"closed","ping_status":"closed","template":"","meta":[],"acf":[],"_links":{"self":[{"href":"https:\/\/esbagomezclara-cba.infd.edu.ar\/sitio\/wp-json\/wp\/v2\/pages\/886"}],"collection":[{"href":"https:\/\/esbagomezclara-cba.infd.edu.ar\/sitio\/wp-json\/wp\/v2\/pages"}],"about":[{"href":"https:\/\/esbagomezclara-cba.infd.edu.ar\/sitio\/wp-json\/wp\/v2\/types\/page"}],"author":[{"embeddable":true,"href":"https:\/\/esbagomezclara-cba.infd.edu.ar\/sitio\/wp-json\/wp\/v2\/users\/208"}],"replies":[{"embeddable":true,"href":"https:\/\/esbagomezclara-cba.infd.edu.ar\/sitio\/wp-json\/wp\/v2\/comments?post=886"}],"version-history":[{"count":20,"href":"https:\/\/esbagomezclara-cba.infd.edu.ar\/sitio\/wp-json\/wp\/v2\/pages\/886\/revisions"}],"predecessor-version":[{"id":3026,"href":"https:\/\/esbagomezclara-cba.infd.edu.ar\/sitio\/wp-json\/wp\/v2\/pages\/886\/revisions\/3026"}],"wp:attachment":[{"href":"https:\/\/esbagomezclara-cba.infd.edu.ar\/sitio\/wp-json\/wp\/v2\/media?parent=886"}],"curies":[{"name":"wp","href":"https:\/\/api.w.org\/{rel}","templated":true}]}}

<figure class="wp-block-image size-large"><img decoding="async" loading="lazy" width="1900" height="676" src="https://esbagomezclara-cba.infd.edu.ar/sitio/wp-content/uploads/2025/02/Recurso-2@3x-1900x676.png" alt="" class="wp-image-2927" srcset="https://esbagomezclara-cba.infd.edu.ar/sitio/wp-content/uploads/2025/02/Recurso-2@3x-1900x676.png 1900w, https://esbagomezclara-cba.infd.edu.ar/sitio/wp-content/uploads/2025/02/Recurso-2@3x-1000x356.png 1000w, https://esbagomezclara-cba.infd.edu.ar/sitio/wp-content/uploads/2025/02/Recurso-2@3x-768x273.png 768w, https://esbagomezclara-cba.infd.edu.ar/sitio/wp-content/uploads/2025/02/Recurso-2@3x-1536x546.png 1536w, https://esbagomezclara-cba.infd.edu.ar/sitio/wp-content/uploads/2025/02/Recurso-2@3x-2048x728.png 2048w" sizes="(max-width: 1900px) 100vw, 1900px" /></figure>



<p></p>



<p><strong>Destinatarios:&nbsp; </strong></p>



<ul>
<li><strong>INFANCIAS:</strong> a partir de los 6 hasta los 12 años.</li>



<li><strong>ADOLESCENTES:&nbsp;</strong> desde los 13 a 15 años.<span class="Apple-converted-space">&nbsp;</span></li>



<li><strong>ADULTOS:</strong> desde los 16 años en adelante.</li>
</ul>



<p>&#x1f3a8;&#x2728; ¡Explora el mundo de las artes visuales! &#x2728;&#x1f3a8;</p>



<p>A través de diversos proyectos y técnicas, los niños y jóvenes tienen la oportunidad de adentrarse en el fascinante universo de la creatividad. En nuestros talleres Infanto-Juveniles, ofrecemos espacios donde cada estudiante puede desarrollar su imaginación a través de actividades artísticas, la actitud lúdica y la expresión plástica.</p>



<p>&#x1f3a8; En estos talleres se explorarán diferentes materiales y técnicas: dibujo, pintura, escultura, grabado, collage, stop motion y mucho más. Los participantes se sumergirán en conceptos clave como color, forma, luz, textura y movimientos artísticos, mientras dan rienda suelta a su creatividad.</p>



<p>&#x1f528; Creemos en la importancia de los procesos creativos, brindando herramientas para que cada estudiante descubra su propio camino artístico.</p>



<p>&#x1f31f; En nuestra institución, nos regimos por valores fundamentales que guían nuestras acciones: creatividad, trabajo en equipo, profesionalismo y respeto. Estos pilares nos permiten fomentar una comunidad educativa enriquecedora y de calidad.</p>



<p>¡Únete a nosotros y deja que tu creatividad tome forma! &#x1f58c;&#xfe0f;&#x2728;</p>



<p class="has-text-align-center"><strong>Inscripciones e informes:<br>8:00 hs  a 12 hs y de 15:00 hs a 20:00hs en Rawson 1651 &#8211; Villa María &#8211; Córdoba.<br>mail:</strong> bellasartes.nivelmedio@gmail.com <br><strong>Whatsapp:</strong> 353-4242386</p>

<p>Destinatarios:&nbsp; &#x1f3a8;&#x2728; ¡Explora el mundo de las artes visuales! &#x2728;&#x1f3a8; A través de diversos proyectos y técnicas, los niños y jóvenes tienen la oportunidad de adentrarse en el fascinante universo de la creatividad. En nuestros talleres Infanto-Juveniles, ofrecemos espacios donde cada estudiante puede desarrollar su imaginación a través de actividades artísticas, la actitud lúdica y &#8230; <a title="Talleres de Arte" class="read-more" href="https://esbagomezclara-cba.infd.edu.ar/sitio/ninos-y-jovenes/" aria-label="More on Talleres de Arte">[+]</a></p>
