{"id":993,"date":"2019-11-07T12:46:10","date_gmt":"2019-11-07T15:46:10","guid":{"rendered":"https:\/\/esbagomezclara-cba.infd.edu.ar\/sitio\/?page_id=993"},"modified":"2025-10-01T15:57:38","modified_gmt":"2025-10-01T18:57:38","slug":"ingreso-2021-inicio","status":"publish","type":"page","link":"https:\/\/esbagomezclara-cba.infd.edu.ar\/sitio\/ingreso-2021-inicio\/","title":{"rendered":"Ingreso 2026"},"content":{"rendered":"<p>Pasos para la inscripci\u00f3n a las carreras:<\/p>\n<ol>\n<li>Desde Inspecci\u00f3n se nos informa que a partir del 15\/11\/2025 estar\u00e1n abiertas las\u00a0 pre-inscripciones On line\u00a0 a trav\u00e9s de gesti\u00f3n de Estudiantes de la pagina del Gobierno de la Provincia de C\u00f3rdoba https:\/\/www.cba.gov.ar\/ a las <strong>Carreras de la Escuela: TECNICATURAS DE NIVEL SUPERIOR EN ARTE Y DISE\u00d1O \/\u00a0 \u00a0PROFESORADO DE ARTES VISUALES<\/strong><\/li>\n<li>Una vez realizada la pre-inscripci\u00f3n virtual, se debe realizar la inscripci\u00f3n definitiva, enviando la\u00a0 documentaci\u00f3n requerida en formato digital (escaneada y en formato pdf) a: bellasartes.preceptoria@gmail.com. Luego deber\u00e1n\u00a0 presentar\u00a0 en formato papel en la Instituci\u00f3n de lunes a viernes de 8:30 hs a 11:30 hs\u00a0 y de 15:30 hs a 18:30 hs.<\/li>\n<li>El proceso de inscripci\u00f3n<strong> finaliza al\u00a0<\/strong>\u00a0completarse en su totalidad, es decir, inscribi\u00e9ndose virtualmente y presentando a la Instituci\u00f3n la documentaci\u00f3n solicitada m\u00e1s abajo. No se considerar\u00e1n las <em>preinscripciones que no hayan cumplido con todos los pasos estipulados.<\/em><\/li>\n<\/ol>\n<p><b>1. PRE-INSCRIPCI\u00d3N VIRTUAL A LAS CARRERAS<\/b><\/p>\n<p>Para completar la pre-inscripci\u00f3n de manera virtual deber\u00e1\u00a0 acceder a la plataforma de Pre-Matriculaci\u00f3n Digital del Ministerio de Educaci\u00f3n haciendo clic<strong>\u00a0<a href=\"https:\/\/gestionestudiantes.cba.gov.ar\/NoUsuario\/ConsultaSuperior.aspx\">AQU\u00cd<\/a>.<\/strong><\/p>\n<p>Tenga en cuenta\u00a0las siguientes instrucciones:<\/p>\n<ul>\n<li><i>1) \u00a0<\/i>Para ingresar a la plataforma debe utilizar su usuario de Ciudadano Digital (CIDI), consistente en su CUIL y su clave personal.\u00a0<i>Si a\u00fan no tiene un usuario ni clave en CIDI siga las instrucciones que se detallan en esta p\u00e1gina &gt;&gt;\u00a0<a href=\"https:\/\/iesbolivar-cba.infd.edu.ar\/sitio\/como-crear-una-cuenta-en-ciudadano-digital\/\">acceder<\/a>. En caso de tener inconvenientes comunicarse a bellasartes.preceptoria@gmail.com o al 0353 154784201<\/i><\/li>\n<\/ul>\n<p><b>2. INSCRIPCI\u00d3N\u00a0 DEFINITIVA<\/b><\/p>\n<p>Para realizar la inscripci\u00f3n definitiva deber\u00e1 presentar la documentaci\u00f3n en la instituci\u00f3n en formato papel y a su vez enviarla\u00a0 en formato digital (escaneada en formato pdf) en documentos separados al correo:\u00a0 bellasartes.preceptoria@gmail.com<\/p>\n<ul>\n<li>La constancia de inscripci\u00f3n emitida por el sitio de Ciudadano Digital (o en su defecto al menos una foto de la pantalla donde se puedan constatar los datos de ese constancia).<\/li>\n<li>\u00a0<i>DNI<\/i>, (escaneo de ambas caras del DNI original)<\/li>\n<li>Fotocopia legalizada del\u00a0<i>T\u00edtulo Secundario,\u00a0<\/i>o la<i>\u00a0Constancia de t\u00edtulo en tr\u00e1mite o\u00a0 certificado de alumno\u00a0<\/i><\/li>\n<li>Partida de Nacimiento<\/li>\n<li>Constancia de Cuil<\/li>\n<li>2 Fotos carnet<\/li>\n<li>CUS Certificado \u00danico de salud (con fecha 2026 presentar en febrero en cursillo de ingreso)\u00a0 Descargar CUS <a href=\"https:\/\/esbagomezclara-cba.infd.edu.ar\/sitio\/wp-content\/uploads\/2020\/12\/Certificado-\u00fanico-de-salud-CUS_2020-1.pdf\">AQU\u00cd<\/a><\/li>\n<li>ISA Descargar <a href=\"https:\/\/esbagomezclara-cba.infd.edu.ar\/sitio\/wp-content\/uploads\/2025\/10\/ISA.pdf\">AQU\u00cd<\/a><\/li>\n<li>Completar los datos requeridos en el siguiente formulario , para poder efectuar la correspondiente\u00a0 habilitaci\u00f3n en el Campus Virtual de la Instituci\u00f3n<a href=\"https:\/\/forms.gle\/R8L3UtVsu9VTALNo8\">:\u00a0 https:\/\/forms.gle\/9vc48FBAqYuMNaBSA<\/a><\/li>\n<\/ul>\n<p>Para informarte sobre la INSTANCIA DE INGRESO 2026.Pr\u00f3ximamente indicaremos informaci\u00f3n sobre cursillo de ingreso 2026 sugerimos que sigas nuestras noticias en: @bellasartesvm<\/p>\n<p><a href=\"https:\/\/www.instagram.com\/bellasartesvm\/\">https:\/\/www.instagram.com\/bellasartesvm\/<\/a><\/p>\n","protected":false},"excerpt":{"rendered":"<p>Pasos para la inscripci\u00f3n a las carreras: Desde Inspecci\u00f3n se nos informa que a partir del 15\/11\/2025 estar\u00e1n abiertas las\u00a0 pre-inscripciones On line\u00a0 a trav\u00e9s de gesti\u00f3n de Estudiantes de la pagina del Gobierno de la Provincia de C\u00f3rdoba https:\/\/www.cba.gov.ar\/ a las Carreras de la Escuela: TECNICATURAS DE NIVEL SUPERIOR EN ARTE Y DISE\u00d1O \/\u00a0 &#8230; <a title=\"Ingreso 2026\" class=\"read-more\" href=\"https:\/\/esbagomezclara-cba.infd.edu.ar\/sitio\/ingreso-2021-inicio\/\" aria-label=\"More on Ingreso 2026\">[+]<\/a><\/p>\n","protected":false},"author":208,"featured_media":0,"parent":0,"menu_order":0,"comment_status":"closed","ping_status":"closed","template":"","meta":[],"acf":[],"_links":{"self":[{"href":"https:\/\/esbagomezclara-cba.infd.edu.ar\/sitio\/wp-json\/wp\/v2\/pages\/993"}],"collection":[{"href":"https:\/\/esbagomezclara-cba.infd.edu.ar\/sitio\/wp-json\/wp\/v2\/pages"}],"about":[{"href":"https:\/\/esbagomezclara-cba.infd.edu.ar\/sitio\/wp-json\/wp\/v2\/types\/page"}],"author":[{"embeddable":true,"href":"https:\/\/esbagomezclara-cba.infd.edu.ar\/sitio\/wp-json\/wp\/v2\/users\/208"}],"replies":[{"embeddable":true,"href":"https:\/\/esbagomezclara-cba.infd.edu.ar\/sitio\/wp-json\/wp\/v2\/comments?post=993"}],"version-history":[{"count":47,"href":"https:\/\/esbagomezclara-cba.infd.edu.ar\/sitio\/wp-json\/wp\/v2\/pages\/993\/revisions"}],"predecessor-version":[{"id":2982,"href":"https:\/\/esbagomezclara-cba.infd.edu.ar\/sitio\/wp-json\/wp\/v2\/pages\/993\/revisions\/2982"}],"wp:attachment":[{"href":"https:\/\/esbagomezclara-cba.infd.edu.ar\/sitio\/wp-json\/wp\/v2\/media?parent=993"}],"curies":[{"name":"wp","href":"https:\/\/api.w.org\/{rel}","templated":true}]}}